{"id":112,"date":"2023-07-18T15:09:48","date_gmt":"2023-07-18T15:09:48","guid":{"rendered":"https:\/\/myedison.ch\/?page_id=112"},"modified":"2026-03-10T19:38:15","modified_gmt":"2026-03-10T19:38:15","slug":"edison-fuer-den-mia-unterricht-in-der-primarschule","status":"publish","type":"page","link":"https:\/\/myedison.ch\/?page_id=112","title":{"rendered":"Jetzt loslegen!"},"content":{"rendered":"\n<h3 class=\"wp-block-heading has-luminous-vivid-orange-color has-white-background-color has-text-color has-background\">EdPak: alles dabei<\/h3>\n\n\n\n<p>Das Arbeiten mit dem Edison macht mit dem passenden Zubeh\u00f6r am meisten Spass. Daher bieten wir hier nur komplette Pakete&nbsp;an; wir nennen diese EdPak. Damit kannst du gleich loslegen. Aufladbare Batterien, Stifte, Halterungen etc. sind dabei.<\/p>\n\n\n\n<p><strong>Der Edison v2 ist perfekt f\u00fcr alle iPad, die noch \u00fcber einen Kopfh\u00f6rer-Ausgang (\u00abKlinken\u00bb-Stecker) verf\u00fcgen. <\/strong>Der Edison v3, der sich derzeit nicht in unserem Sortiment befindet, wird mit USB an einen Computer verbunden.<\/p>\n\n\n\n<p>W\u00e4hle das passende Paket aus oder starte mit einem kleineren Paket, um alles erst einmal auszuprobieren.<\/p>\n\n\n\n<figure class=\"wp-block-image size-large\"><img loading=\"lazy\" decoding=\"async\" width=\"1024\" height=\"768\" src=\"https:\/\/myedison.ch\/wp-content\/uploads\/2023\/08\/IMG_2239-1024x768.jpg\" alt=\"\" class=\"wp-image-171\" srcset=\"https:\/\/myedison.ch\/wp-content\/uploads\/2023\/08\/IMG_2239-1024x768.jpg 1024w, https:\/\/myedison.ch\/wp-content\/uploads\/2023\/08\/IMG_2239-300x225.jpg 300w, https:\/\/myedison.ch\/wp-content\/uploads\/2023\/08\/IMG_2239-768x576.jpg 768w, https:\/\/myedison.ch\/wp-content\/uploads\/2023\/08\/IMG_2239-1536x1152.jpg 1536w, https:\/\/myedison.ch\/wp-content\/uploads\/2023\/08\/IMG_2239-2048x1536.jpg 2048w\" sizes=\"auto, (max-width: 1024px) 100vw, 1024px\" \/><\/figure>\n\n\n\n<figure class=\"wp-block-table\"><table><thead><tr><th>EdPak12 <br>(12 oder 24 SuS)<\/th><th><mark style=\"background-color:rgba(0, 0, 0, 0)\" class=\"has-inline-color has-luminous-vivid-amber-color\">EdPak6 <\/mark><br><mark style=\"background-color:rgba(0, 0, 0, 0)\" class=\"has-inline-color has-luminous-vivid-amber-color\">(6 oder 12 SuS)<\/mark><\/th><th>EdPak4 <br>(4 oder 8 SuS)<\/th><th>EdPak2 <br>(2 oder 4 SuS)<\/th><th>EdPak1<br>(1 SuS)<\/th><\/tr><\/thead><tbody><tr><td>12 Edison Roboter<\/td><td><mark style=\"background-color:rgba(0, 0, 0, 0)\" class=\"has-inline-color has-luminous-vivid-amber-color\">6 Edison Roboter<\/mark><\/td><td>4 Edison Roboter<\/td><td>2 Edison Roboter<\/td><td>1 Edison Roboter<\/td><\/tr><tr><td>12 EdSketch-Set<br>(Halter und Stifte)<\/td><td><mark style=\"background-color:rgba(0, 0, 0, 0)\" class=\"has-inline-color has-luminous-vivid-amber-color\">6 EdSketch-Set <\/mark><br><mark style=\"background-color:rgba(0, 0, 0, 0)\" class=\"has-inline-color has-luminous-vivid-amber-color\">(Halter und Stifte)<\/mark><\/td><td>4 EdSketch-Set<br>(Halter und Stifte)<\/td><td>2 EdSketch-Set<br>(Halter und Stifte)<\/td><td>1 EdSketch-Set <br>(Halter und Stifte)<\/td><\/tr><tr><\/tr><tr><td>6 EdCreate-Set<\/td><td><mark style=\"background-color:rgba(0, 0, 0, 0)\" class=\"has-inline-color has-luminous-vivid-amber-color\">3 EdCreate-Set<\/mark><\/td><td>2 EdCreate-Set<\/td><td>1 EdCreate-Set<\/td><td>\u2013<\/td><\/tr><tr><td>6 EdBox<\/td><td><mark style=\"background-color:rgba(0, 0, 0, 0)\" class=\"has-inline-color has-luminous-vivid-amber-color\">3 EdBox<\/mark><\/td><td>2 EdBox<\/td><td>1 EdBox<\/td><td>\u2013<\/td><\/tr><\/tbody><tfoot><tr><td><strong>670 Franken<\/strong><\/td><td><strong><mark style=\"background-color:rgba(0, 0, 0, 0)\" class=\"has-inline-color has-luminous-vivid-amber-color\">350 Franken<\/mark><\/strong><\/td><td>240 Franken<\/td><td>125 Franken<\/td><td>60 Franken<\/td><\/tr><\/tfoot><\/table><figcaption class=\"wp-element-caption\"><em>Lesebeispiel (orangefarbene Spalte): Das Paket EdPak6 ist f\u00fcr die Verwendung mit sechs (1:1) oder zw\u00f6lf Sch\u00fclerinnen und Sch\u00fcler (1:2) ideal.<\/em> <em>Das EdPak6 beinhaltet 6 Roboter, 6 EdSketch-Set (6 Stifthalter + 6 Pack passende Farbstifte), 3 Baus\u00e4tze (EdCreator-Kit) mit passenden Sortierboxen (Batterien separat).<\/em> Inklusive Porto und Verpackung. Zwei Jahre Garantie. Ersatzteile k\u00f6nnen geliefert werden.<\/figcaption><\/figure>\n\n\n\n<h4 class=\"wp-block-heading\">Erkl\u00e4rung zu den einzelnen Produkten<\/h4>\n\n\n\n<ul class=\"wp-block-list\">\n<li>Edison: sehr stabiler, robuster, f\u00fcr das Vermitteln von ICT-Kompetenzen entwickelter, programmierbarer Roboter<\/li>\n\n\n\n<li>EdSketch: Stifthalterung&nbsp;und zehn farbige, passende, konische Stifte (abwaschbar)<\/li>\n\n\n\n<li>EdCreate-Set: Erweiterungsset bzw. Bausatz, um den Funktionsumfang des Roboters zu erweitern<\/li>\n\n\n\n<li>EdBox: Sortierbox f\u00fcr alle Edison-Teile (passend zu EdKit)<\/li>\n<\/ul>\n\n\n\n<p>Der Vorteil: Mit einem EdPak kann man gleich richtig loslegen. Wir empfehlen den Kauf von aufladbaren Batterien.<\/p>\n\n\n\n<h4 class=\"wp-block-heading\">Bestellung<\/h4>\n\n\n\n<p>Wir haben uns in der Anfangsphase gegen einen Online-Shop entschieden. <\/p>\n\n\n\n<p>Bei Interesse oder Fragen bitte einfach ein Mail mit dem gew\u00fcnschten Paket (EdPak2, EdPak4, EdPak6, EdPak12) an support @ myedison.ch* senden. Wir nehmen dann Kontakt auf. Innerhalb von 24 Stunden wird die Rechnung via E-Mail zugestellt. Nach Zahlungseingang werden die Edison zu dir in die Schule verschickt.<\/p>\n\n\n\n<p>Hinweis: * Die Mailadresse ist wegen Spam nicht sichtbar. Wir best\u00e4tigen den Erhalt des Mails.<\/p>\n","protected":false},"excerpt":{"rendered":"<p>EdPak: alles dabei Das Arbeiten mit dem Edison macht mit dem passenden Zubeh\u00f6r am meisten Spass. Daher bieten wir hier nur komplette Pakete&nbsp;an; wir nennen diese EdPak. Damit kannst du gleich loslegen. Aufladbare Batterien, Stifte, Halterungen etc. sind dabei. Der Edison v2 ist perfekt f\u00fcr alle iPad, die noch \u00fcber einen Kopfh\u00f6rer-Ausgang (\u00abKlinken\u00bb-Stecker) verf\u00fcgen. Der [&hellip;]<\/p>\n","protected":false},"author":1,"featured_media":0,"parent":0,"menu_order":0,"comment_status":"closed","ping_status":"closed","template":"templates\/template_page-full-width.php","meta":{"footnotes":""},"class_list":["post-112","page","type-page","status-publish","hentry"],"yoast_head":"<!-- This site is optimized with the Yoast SEO plugin v26.2 - https:\/\/yoast.com\/wordpress\/plugins\/seo\/ -->\n<title>Jetzt loslegen! - myEdison: Coding und Robotik f\u00fcr die Schule<\/title>\n<meta name=\"description\" content=\"Mit den Edison-Robotern und dem Zubeh\u00f6r l\u00e4sst sich Informatik aus dem Bildschirm in die reale Welt transferieren. Du kannst direkt loslegen.\" \/>\n<meta name=\"robots\" content=\"index, follow, max-snippet:-1, max-image-preview:large, max-video-preview:-1\" \/>\n<link rel=\"canonical\" href=\"https:\/\/myedison.ch\/?page_id=112\" \/>\n<meta property=\"og:locale\" content=\"de_DE\" \/>\n<meta property=\"og:type\" content=\"article\" \/>\n<meta property=\"og:title\" content=\"Jetzt loslegen! - myEdison: Coding und Robotik f\u00fcr die Schule\" \/>\n<meta property=\"og:description\" content=\"Mit den Edison-Robotern und dem Zubeh\u00f6r l\u00e4sst sich Informatik aus dem Bildschirm in die reale Welt transferieren. Du kannst direkt loslegen.\" \/>\n<meta property=\"og:url\" content=\"https:\/\/myedison.ch\/?page_id=112\" \/>\n<meta property=\"og:site_name\" content=\"myEdison: Coding und Robotik f\u00fcr die Schule\" \/>\n<meta property=\"article:modified_time\" content=\"2026-03-10T19:38:15+00:00\" \/>\n<meta property=\"og:image\" content=\"https:\/\/myedison.ch\/wp-content\/uploads\/2023\/08\/IMG_2239-scaled.jpg\" \/>\n\t<meta property=\"og:image:width\" content=\"2560\" \/>\n\t<meta property=\"og:image:height\" content=\"1920\" \/>\n\t<meta property=\"og:image:type\" content=\"image\/jpeg\" \/>\n<meta name=\"twitter:card\" content=\"summary_large_image\" \/>\n<meta name=\"twitter:label1\" content=\"Gesch\u00e4tzte Lesezeit\" \/>\n\t<meta name=\"twitter:data1\" content=\"3\u00a0Minuten\" \/>\n<script type=\"application\/ld+json\" class=\"yoast-schema-graph\">{\"@context\":\"https:\/\/schema.org\",\"@graph\":[{\"@type\":\"WebPage\",\"@id\":\"https:\/\/myedison.ch\/?page_id=112\",\"url\":\"https:\/\/myedison.ch\/?page_id=112\",\"name\":\"Jetzt loslegen! - myEdison: Coding und Robotik f\u00fcr die Schule\",\"isPartOf\":{\"@id\":\"https:\/\/myedison.ch\/#website\"},\"primaryImageOfPage\":{\"@id\":\"https:\/\/myedison.ch\/?page_id=112#primaryimage\"},\"image\":{\"@id\":\"https:\/\/myedison.ch\/?page_id=112#primaryimage\"},\"thumbnailUrl\":\"https:\/\/myedison.ch\/wp-content\/uploads\/2023\/08\/IMG_2239-1024x768.jpg\",\"datePublished\":\"2023-07-18T15:09:48+00:00\",\"dateModified\":\"2026-03-10T19:38:15+00:00\",\"description\":\"Mit den Edison-Robotern und dem Zubeh\u00f6r l\u00e4sst sich Informatik aus dem Bildschirm in die reale Welt transferieren. Du kannst direkt loslegen.\",\"breadcrumb\":{\"@id\":\"https:\/\/myedison.ch\/?page_id=112#breadcrumb\"},\"inLanguage\":\"de\",\"potentialAction\":[{\"@type\":\"ReadAction\",\"target\":[\"https:\/\/myedison.ch\/?page_id=112\"]}]},{\"@type\":\"ImageObject\",\"inLanguage\":\"de\",\"@id\":\"https:\/\/myedison.ch\/?page_id=112#primaryimage\",\"url\":\"https:\/\/myedison.ch\/wp-content\/uploads\/2023\/08\/IMG_2239-scaled.jpg\",\"contentUrl\":\"https:\/\/myedison.ch\/wp-content\/uploads\/2023\/08\/IMG_2239-scaled.jpg\",\"width\":2560,\"height\":1920},{\"@type\":\"BreadcrumbList\",\"@id\":\"https:\/\/myedison.ch\/?page_id=112#breadcrumb\",\"itemListElement\":[{\"@type\":\"ListItem\",\"position\":1,\"name\":\"Startseite\",\"item\":\"https:\/\/myedison.ch\/\"},{\"@type\":\"ListItem\",\"position\":2,\"name\":\"Jetzt loslegen!\"}]},{\"@type\":\"WebSite\",\"@id\":\"https:\/\/myedison.ch\/#website\",\"url\":\"https:\/\/myedison.ch\/\",\"name\":\"myEdison: Coding und Robotik f\u00fcr die Schule\",\"description\":\"\",\"publisher\":{\"@id\":\"https:\/\/myedison.ch\/#organization\"},\"potentialAction\":[{\"@type\":\"SearchAction\",\"target\":{\"@type\":\"EntryPoint\",\"urlTemplate\":\"https:\/\/myedison.ch\/?s={search_term_string}\"},\"query-input\":{\"@type\":\"PropertyValueSpecification\",\"valueRequired\":true,\"valueName\":\"search_term_string\"}}],\"inLanguage\":\"de\"},{\"@type\":\"Organization\",\"@id\":\"https:\/\/myedison.ch\/#organization\",\"name\":\"ateko j\u00fcrgen franck\",\"url\":\"https:\/\/myedison.ch\/\",\"logo\":{\"@type\":\"ImageObject\",\"inLanguage\":\"de\",\"@id\":\"https:\/\/myedison.ch\/#\/schema\/logo\/image\/\",\"url\":\"https:\/\/myedison.ch\/wp-content\/uploads\/2023\/07\/cropped-cropped-cropped-cropped-ateko-1.png\",\"contentUrl\":\"https:\/\/myedison.ch\/wp-content\/uploads\/2023\/07\/cropped-cropped-cropped-cropped-ateko-1.png\",\"width\":885,\"height\":885,\"caption\":\"ateko j\u00fcrgen franck\"},\"image\":{\"@id\":\"https:\/\/myedison.ch\/#\/schema\/logo\/image\/\"}}]}<\/script>\n<!-- \/ Yoast SEO plugin. -->","yoast_head_json":{"title":"Jetzt loslegen! - myEdison: Coding und Robotik f\u00fcr die Schule","description":"Mit den Edison-Robotern und dem Zubeh\u00f6r l\u00e4sst sich Informatik aus dem Bildschirm in die reale Welt transferieren. Du kannst direkt loslegen.","robots":{"index":"index","follow":"follow","max-snippet":"max-snippet:-1","max-image-preview":"max-image-preview:large","max-video-preview":"max-video-preview:-1"},"canonical":"https:\/\/myedison.ch\/?page_id=112","og_locale":"de_DE","og_type":"article","og_title":"Jetzt loslegen! - myEdison: Coding und Robotik f\u00fcr die Schule","og_description":"Mit den Edison-Robotern und dem Zubeh\u00f6r l\u00e4sst sich Informatik aus dem Bildschirm in die reale Welt transferieren. Du kannst direkt loslegen.","og_url":"https:\/\/myedison.ch\/?page_id=112","og_site_name":"myEdison: Coding und Robotik f\u00fcr die Schule","article_modified_time":"2026-03-10T19:38:15+00:00","og_image":[{"width":2560,"height":1920,"url":"https:\/\/myedison.ch\/wp-content\/uploads\/2023\/08\/IMG_2239-scaled.jpg","type":"image\/jpeg"}],"twitter_card":"summary_large_image","twitter_misc":{"Gesch\u00e4tzte Lesezeit":"3\u00a0Minuten"},"schema":{"@context":"https:\/\/schema.org","@graph":[{"@type":"WebPage","@id":"https:\/\/myedison.ch\/?page_id=112","url":"https:\/\/myedison.ch\/?page_id=112","name":"Jetzt loslegen! - myEdison: Coding und Robotik f\u00fcr die Schule","isPartOf":{"@id":"https:\/\/myedison.ch\/#website"},"primaryImageOfPage":{"@id":"https:\/\/myedison.ch\/?page_id=112#primaryimage"},"image":{"@id":"https:\/\/myedison.ch\/?page_id=112#primaryimage"},"thumbnailUrl":"https:\/\/myedison.ch\/wp-content\/uploads\/2023\/08\/IMG_2239-1024x768.jpg","datePublished":"2023-07-18T15:09:48+00:00","dateModified":"2026-03-10T19:38:15+00:00","description":"Mit den Edison-Robotern und dem Zubeh\u00f6r l\u00e4sst sich Informatik aus dem Bildschirm in die reale Welt transferieren. Du kannst direkt loslegen.","breadcrumb":{"@id":"https:\/\/myedison.ch\/?page_id=112#breadcrumb"},"inLanguage":"de","potentialAction":[{"@type":"ReadAction","target":["https:\/\/myedison.ch\/?page_id=112"]}]},{"@type":"ImageObject","inLanguage":"de","@id":"https:\/\/myedison.ch\/?page_id=112#primaryimage","url":"https:\/\/myedison.ch\/wp-content\/uploads\/2023\/08\/IMG_2239-scaled.jpg","contentUrl":"https:\/\/myedison.ch\/wp-content\/uploads\/2023\/08\/IMG_2239-scaled.jpg","width":2560,"height":1920},{"@type":"BreadcrumbList","@id":"https:\/\/myedison.ch\/?page_id=112#breadcrumb","itemListElement":[{"@type":"ListItem","position":1,"name":"Startseite","item":"https:\/\/myedison.ch\/"},{"@type":"ListItem","position":2,"name":"Jetzt loslegen!"}]},{"@type":"WebSite","@id":"https:\/\/myedison.ch\/#website","url":"https:\/\/myedison.ch\/","name":"myEdison: Coding und Robotik f\u00fcr die Schule","description":"","publisher":{"@id":"https:\/\/myedison.ch\/#organization"},"potentialAction":[{"@type":"SearchAction","target":{"@type":"EntryPoint","urlTemplate":"https:\/\/myedison.ch\/?s={search_term_string}"},"query-input":{"@type":"PropertyValueSpecification","valueRequired":true,"valueName":"search_term_string"}}],"inLanguage":"de"},{"@type":"Organization","@id":"https:\/\/myedison.ch\/#organization","name":"ateko j\u00fcrgen franck","url":"https:\/\/myedison.ch\/","logo":{"@type":"ImageObject","inLanguage":"de","@id":"https:\/\/myedison.ch\/#\/schema\/logo\/image\/","url":"https:\/\/myedison.ch\/wp-content\/uploads\/2023\/07\/cropped-cropped-cropped-cropped-ateko-1.png","contentUrl":"https:\/\/myedison.ch\/wp-content\/uploads\/2023\/07\/cropped-cropped-cropped-cropped-ateko-1.png","width":885,"height":885,"caption":"ateko j\u00fcrgen franck"},"image":{"@id":"https:\/\/myedison.ch\/#\/schema\/logo\/image\/"}}]}},"_links":{"self":[{"href":"https:\/\/myedison.ch\/index.php?rest_route=\/wp\/v2\/pages\/112","targetHints":{"allow":["GET"]}}],"collection":[{"href":"https:\/\/myedison.ch\/index.php?rest_route=\/wp\/v2\/pages"}],"about":[{"href":"https:\/\/myedison.ch\/index.php?rest_route=\/wp\/v2\/types\/page"}],"author":[{"embeddable":true,"href":"https:\/\/myedison.ch\/index.php?rest_route=\/wp\/v2\/users\/1"}],"replies":[{"embeddable":true,"href":"https:\/\/myedison.ch\/index.php?rest_route=%2Fwp%2Fv2%2Fcomments&post=112"}],"version-history":[{"count":35,"href":"https:\/\/myedison.ch\/index.php?rest_route=\/wp\/v2\/pages\/112\/revisions"}],"predecessor-version":[{"id":272,"href":"https:\/\/myedison.ch\/index.php?rest_route=\/wp\/v2\/pages\/112\/revisions\/272"}],"wp:attachment":[{"href":"https:\/\/myedison.ch\/index.php?rest_route=%2Fwp%2Fv2%2Fmedia&parent=112"}],"curies":[{"name":"wp","href":"https:\/\/api.w.org\/{rel}","templated":true}]}}